{"id":34,"date":"2023-02-03T10:35:25","date_gmt":"2023-02-03T09:35:25","guid":{"rendered":"https:\/\/stahlkonzept.com\/?page_id=34"},"modified":"2023-05-22T10:05:05","modified_gmt":"2023-05-22T08:05:05","slug":"schluesselfertig","status":"publish","type":"page","link":"https:\/\/stahlkonzept.com\/?page_id=34","title":{"rendered":"Schl\u00fcsselfertig"},"content":{"rendered":"\t\t<div data-elementor-type=\"wp-page\" data-elementor-id=\"34\" class=\"elementor elementor-34\" data-elementor-post-type=\"page\">\n\t\t\t\t<div class=\"elementor-element elementor-element-bf4b3b6 e-flex e-con-boxed e-con e-parent\" data-id=\"bf4b3b6\" data-element_type=\"container\" data-e-type=\"container\" data-settings=\"{&quot;background_background&quot;:&quot;classic&quot;}\">\n\t\t\t\t\t<div class=\"e-con-inner\">\n\t\t\t\t\t<\/div>\n\t\t\t\t<\/div>\n\t\t<div class=\"elementor-element elementor-element-c23d750 e-flex e-con-boxed e-con e-parent\" data-id=\"c23d750\" data-element_type=\"container\" data-e-type=\"container\">\n\t\t\t\t\t<div class=\"e-con-inner\">\n\t\t<div class=\"elementor-element elementor-element-bb3d6d4 e-con-full e-flex e-con e-parent\" data-id=\"bb3d6d4\" data-element_type=\"container\" data-e-type=\"container\" data-settings=\"{&quot;background_background&quot;:&quot;classic&quot;}\">\n\t\t\t\t<div class=\"elementor-element elementor-element-cdf2a2c elementor-widget elementor-widget-heading\" data-id=\"cdf2a2c\" data-element_type=\"widget\" data-e-type=\"widget\" data-widget_type=\"heading.default\">\n\t\t\t\t<div class=\"elementor-widget-container\">\n\t\t\t\t\t<h2 class=\"elementor-heading-title elementor-size-default\"><span style=\"color: #484124\">SCHL\u00dcSSEL<\/span>FERTIG<\/h2>\t\t\t\t<\/div>\n\t\t\t\t<\/div>\n\t\t\t\t<div class=\"elementor-element elementor-element-f2015a0 elementor-widget elementor-widget-text-editor\" data-id=\"f2015a0\" data-element_type=\"widget\" data-e-type=\"widget\" data-widget_type=\"text-editor.default\">\n\t\t\t\t<div class=\"elementor-widget-container\">\n\t\t\t\t\t\t\t\t\t<p>Zeit ist ein kostbares Gut und diese m\u00f6chten wir Ihnen verschaffen. Vom Entwurf \u00fcber die Bauantragsphase bis hin zur Schl\u00fcssel\u00fcbergabe sind wir f\u00fcr Sie da. In Zusammenarbeit mit langj\u00e4hrigen Partnern realisieren wir Ihr Neubauprojekt um f\u00fcr anstehende Aufgaben und Visionen gut aufgestellt zu sein.Durch den Einsatz hoch effektiver D\u00e4mmtechniken l\u00e4sst sich auch im Stahlhallenbau ein enormes energetisches Einsparpotenzial realisieren.<\/p><p>Sprechen Sie uns an und lassen Sie uns gemeinsam die Zukunft gestalten.<\/p>\t\t\t\t\t\t\t\t<\/div>\n\t\t\t\t<\/div>\n\t\t\t\t<\/div>\n\t\t\t\t\t<\/div>\n\t\t\t\t<\/div>\n\t\t<div class=\"elementor-element elementor-element-e6bb084 e-con-full e-flex e-con e-parent\" data-id=\"e6bb084\" data-element_type=\"container\" data-e-type=\"container\">\n\t\t<div class=\"elementor-element elementor-element-12d7adb e-con-full e-flex e-con e-parent\" data-id=\"12d7adb\" data-element_type=\"container\" data-e-type=\"container\" data-settings=\"{&quot;background_background&quot;:&quot;classic&quot;}\">\n\t\t\t\t<\/div>\n\t\t<div class=\"elementor-element elementor-element-0a0f88a e-con-full e-flex e-con e-parent\" data-id=\"0a0f88a\" data-element_type=\"container\" data-e-type=\"container\" data-settings=\"{&quot;background_background&quot;:&quot;classic&quot;}\">\n\t\t<div class=\"elementor-element elementor-element-ab0945f e-con-full e-flex e-con e-parent\" data-id=\"ab0945f\" data-element_type=\"container\" data-e-type=\"container\">\n\t\t\t\t<div class=\"elementor-element elementor-element-f0ff6e4 elementor-widget elementor-widget-heading\" data-id=\"f0ff6e4\" data-element_type=\"widget\" data-e-type=\"widget\" data-widget_type=\"heading.default\">\n\t\t\t\t<div class=\"elementor-widget-container\">\n\t\t\t\t\t<h3 class=\"elementor-heading-title elementor-size-default\">Fundament<\/h3>\t\t\t\t<\/div>\n\t\t\t\t<\/div>\n\t\t\t\t<div class=\"elementor-element elementor-element-7d94e47 elementor-widget elementor-widget-text-editor\" data-id=\"7d94e47\" data-element_type=\"widget\" data-e-type=\"widget\" data-widget_type=\"text-editor.default\">\n\t\t\t\t<div class=\"elementor-widget-container\">\n\t\t\t\t\t\t\t\t\t<p>\u201eWer hoch bauen will, muss ein solides Fundament bauen.\u201c Ob bauseits oder durch unsere Nachunternehmer erstellt. Jede unserer Stahlkonstruktionen basiert auf einem soliden Fundament.<\/p>\t\t\t\t\t\t\t\t<\/div>\n\t\t\t\t<\/div>\n\t\t\t\t<\/div>\n\t\t\t\t<\/div>\n\t\t\t\t<\/div>\n\t\t<div class=\"elementor-element elementor-element-508f43c e-con-full e-flex e-con e-parent\" data-id=\"508f43c\" data-element_type=\"container\" data-e-type=\"container\">\n\t\t<div class=\"elementor-element elementor-element-378bb5b e-con-full e-flex e-con e-parent\" data-id=\"378bb5b\" data-element_type=\"container\" data-e-type=\"container\" data-settings=\"{&quot;background_background&quot;:&quot;classic&quot;}\">\n\t\t<div class=\"elementor-element elementor-element-b4d15b6 e-con-full e-flex e-con e-parent\" data-id=\"b4d15b6\" data-element_type=\"container\" data-e-type=\"container\">\n\t\t\t\t<div class=\"elementor-element elementor-element-72b87e9 elementor-widget elementor-widget-heading\" data-id=\"72b87e9\" data-element_type=\"widget\" data-e-type=\"widget\" data-widget_type=\"heading.default\">\n\t\t\t\t<div class=\"elementor-widget-container\">\n\t\t\t\t\t<h3 class=\"elementor-heading-title elementor-size-default\">Ankerpunkte<\/h3>\t\t\t\t<\/div>\n\t\t\t\t<\/div>\n\t\t\t\t<div class=\"elementor-element elementor-element-1886368 elementor-widget elementor-widget-text-editor\" data-id=\"1886368\" data-element_type=\"widget\" data-e-type=\"widget\" data-widget_type=\"text-editor.default\">\n\t\t\t\t<div class=\"elementor-widget-container\">\n\t\t\t\t\t\t\t\t\t<p>Fertig gegossenes Fundament mit eingesetzten Ankerpunkten zur Aufnahme der Stahlkonstruktion.<\/p>\t\t\t\t\t\t\t\t<\/div>\n\t\t\t\t<\/div>\n\t\t\t\t<\/div>\n\t\t\t\t<\/div>\n\t\t<div class=\"elementor-element elementor-element-ef4e2b2 e-con-full e-flex e-con e-parent\" data-id=\"ef4e2b2\" data-element_type=\"container\" data-e-type=\"container\" data-settings=\"{&quot;background_background&quot;:&quot;classic&quot;}\">\n\t\t\t\t<\/div>\n\t\t\t\t<\/div>\n\t\t<div class=\"elementor-element elementor-element-8e9417a e-con-full e-flex e-con e-parent\" data-id=\"8e9417a\" data-element_type=\"container\" data-e-type=\"container\">\n\t\t<div class=\"elementor-element elementor-element-2fd4177 e-con-full e-flex e-con e-parent\" data-id=\"2fd4177\" data-element_type=\"container\" data-e-type=\"container\" data-settings=\"{&quot;background_background&quot;:&quot;classic&quot;}\">\n\t\t\t\t<\/div>\n\t\t<div class=\"elementor-element elementor-element-79e06b9 e-con-full e-flex e-con e-parent\" data-id=\"79e06b9\" data-element_type=\"container\" data-e-type=\"container\" data-settings=\"{&quot;background_background&quot;:&quot;classic&quot;}\">\n\t\t<div class=\"elementor-element elementor-element-36a239a e-con-full e-flex e-con e-parent\" data-id=\"36a239a\" data-element_type=\"container\" data-e-type=\"container\">\n\t\t\t\t<div class=\"elementor-element elementor-element-7c2545a elementor-widget elementor-widget-heading\" data-id=\"7c2545a\" data-element_type=\"widget\" data-e-type=\"widget\" data-widget_type=\"heading.default\">\n\t\t\t\t<div class=\"elementor-widget-container\">\n\t\t\t\t\t<h3 class=\"elementor-heading-title elementor-size-default\">Stahlkonstruktion<\/h3>\t\t\t\t<\/div>\n\t\t\t\t<\/div>\n\t\t\t\t<div class=\"elementor-element elementor-element-667b88e elementor-widget elementor-widget-text-editor\" data-id=\"667b88e\" data-element_type=\"widget\" data-e-type=\"widget\" data-widget_type=\"text-editor.default\">\n\t\t\t\t<div class=\"elementor-widget-container\">\n\t\t\t\t\t\t\t\t\t<p>Fertig montiert und ausgerichtet. Eine ma\u00dfgenaue Montage der Stahlkonstruktion ist f\u00fcr die weiteren Arbeitsschritte unerl\u00e4sslich.<\/p>\t\t\t\t\t\t\t\t<\/div>\n\t\t\t\t<\/div>\n\t\t\t\t<\/div>\n\t\t\t\t<\/div>\n\t\t\t\t<\/div>\n\t\t<div class=\"elementor-element elementor-element-be2fff7 e-con-full e-flex e-con e-parent\" data-id=\"be2fff7\" data-element_type=\"container\" data-e-type=\"container\">\n\t\t<div class=\"elementor-element elementor-element-e1cd000 e-con-full e-flex e-con e-parent\" data-id=\"e1cd000\" data-element_type=\"container\" data-e-type=\"container\" data-settings=\"{&quot;background_background&quot;:&quot;classic&quot;}\">\n\t\t<div class=\"elementor-element elementor-element-6b34f63 e-con-full e-flex e-con e-parent\" data-id=\"6b34f63\" data-element_type=\"container\" data-e-type=\"container\">\n\t\t\t\t<div class=\"elementor-element elementor-element-f57bfbc elementor-widget elementor-widget-heading\" data-id=\"f57bfbc\" data-element_type=\"widget\" data-e-type=\"widget\" data-widget_type=\"heading.default\">\n\t\t\t\t<div class=\"elementor-widget-container\">\n\t\t\t\t\t<h3 class=\"elementor-heading-title elementor-size-default\">Dachelemente<\/h3>\t\t\t\t<\/div>\n\t\t\t\t<\/div>\n\t\t\t\t<div class=\"elementor-element elementor-element-751ea0d elementor-widget elementor-widget-text-editor\" data-id=\"751ea0d\" data-element_type=\"widget\" data-e-type=\"widget\" data-widget_type=\"text-editor.default\">\n\t\t\t\t<div class=\"elementor-widget-container\">\n\t\t\t\t\t\t\t\t\t<p>Aufbau der isolierten Dachelemente und einfassen der Dachlichtkuppel als vorbereitende Arbeit f\u00fcr den Lichtkuppelbauer.<\/p>\t\t\t\t\t\t\t\t<\/div>\n\t\t\t\t<\/div>\n\t\t\t\t<\/div>\n\t\t\t\t<\/div>\n\t\t<div class=\"elementor-element elementor-element-ec4841e e-con-full e-flex e-con e-parent\" data-id=\"ec4841e\" data-element_type=\"container\" data-e-type=\"container\" data-settings=\"{&quot;background_background&quot;:&quot;classic&quot;}\">\n\t\t\t\t<\/div>\n\t\t\t\t<\/div>\n\t\t<div class=\"elementor-element elementor-element-bbb1dee e-con-full e-flex e-con e-parent\" data-id=\"bbb1dee\" data-element_type=\"container\" data-e-type=\"container\">\n\t\t<div class=\"elementor-element elementor-element-0070f43 e-con-full e-flex e-con e-parent\" data-id=\"0070f43\" data-element_type=\"container\" data-e-type=\"container\" data-settings=\"{&quot;background_background&quot;:&quot;classic&quot;}\">\n\t\t\t\t<\/div>\n\t\t<div class=\"elementor-element elementor-element-2d6886a e-con-full e-flex e-con e-parent\" data-id=\"2d6886a\" data-element_type=\"container\" data-e-type=\"container\" data-settings=\"{&quot;background_background&quot;:&quot;classic&quot;}\">\n\t\t<div class=\"elementor-element elementor-element-31562af e-con-full e-flex e-con e-parent\" data-id=\"31562af\" data-element_type=\"container\" data-e-type=\"container\">\n\t\t\t\t<div class=\"elementor-element elementor-element-d7be642 elementor-widget elementor-widget-heading\" data-id=\"d7be642\" data-element_type=\"widget\" data-e-type=\"widget\" data-widget_type=\"heading.default\">\n\t\t\t\t<div class=\"elementor-widget-container\">\n\t\t\t\t\t<h3 class=\"elementor-heading-title elementor-size-default\">Fassadenverkleidung<\/h3>\t\t\t\t<\/div>\n\t\t\t\t<\/div>\n\t\t\t\t<div class=\"elementor-element elementor-element-eaf04cd elementor-widget elementor-widget-text-editor\" data-id=\"eaf04cd\" data-element_type=\"widget\" data-e-type=\"widget\" data-widget_type=\"text-editor.default\">\n\t\t\t\t<div class=\"elementor-widget-container\">\n\t\t\t\t\t\t\t\t\t<p>Fassadenverkleidung mit isolierten Sandwichelementen. Sichtbare oder verdeckte Befestigungen sind hier frei w\u00e4hlbar.<\/p>\t\t\t\t\t\t\t\t<\/div>\n\t\t\t\t<\/div>\n\t\t\t\t<\/div>\n\t\t\t\t<\/div>\n\t\t\t\t<\/div>\n\t\t<div class=\"elementor-element elementor-element-8d36cf4 e-con-full e-flex e-con e-parent\" data-id=\"8d36cf4\" data-element_type=\"container\" data-e-type=\"container\">\n\t\t<div class=\"elementor-element elementor-element-7d952b0 e-con-full e-flex e-con e-parent\" data-id=\"7d952b0\" data-element_type=\"container\" data-e-type=\"container\" data-settings=\"{&quot;background_background&quot;:&quot;classic&quot;}\">\n\t\t<div class=\"elementor-element elementor-element-4e5692b e-con-full e-flex e-con e-parent\" data-id=\"4e5692b\" data-element_type=\"container\" data-e-type=\"container\">\n\t\t\t\t<div class=\"elementor-element elementor-element-93ce682 elementor-widget elementor-widget-heading\" data-id=\"93ce682\" data-element_type=\"widget\" data-e-type=\"widget\" data-widget_type=\"heading.default\">\n\t\t\t\t<div class=\"elementor-widget-container\">\n\t\t\t\t\t<h3 class=\"elementor-heading-title elementor-size-default\">Klempnerarbeiten<\/h3>\t\t\t\t<\/div>\n\t\t\t\t<\/div>\n\t\t\t\t<div class=\"elementor-element elementor-element-675b7d3 elementor-widget elementor-widget-text-editor\" data-id=\"675b7d3\" data-element_type=\"widget\" data-e-type=\"widget\" data-widget_type=\"text-editor.default\">\n\t\t\t\t<div class=\"elementor-widget-container\">\n\t\t\t\t\t\t\t\t\t<p>Klempnerarbeiten geh\u00f6ren ebenfalls zu unseren Leistungen.<\/p>\t\t\t\t\t\t\t\t<\/div>\n\t\t\t\t<\/div>\n\t\t\t\t<\/div>\n\t\t\t\t<\/div>\n\t\t<div class=\"elementor-element elementor-element-6f10890 e-con-full e-flex e-con e-parent\" data-id=\"6f10890\" data-element_type=\"container\" data-e-type=\"container\" data-settings=\"{&quot;background_background&quot;:&quot;classic&quot;}\">\n\t\t\t\t<\/div>\n\t\t\t\t<\/div>\n\t\t<div class=\"elementor-element elementor-element-ed9cf40 e-con-full e-flex e-con e-parent\" data-id=\"ed9cf40\" data-element_type=\"container\" data-e-type=\"container\">\n\t\t<div class=\"elementor-element elementor-element-c97928d e-con-full e-flex e-con e-parent\" data-id=\"c97928d\" data-element_type=\"container\" data-e-type=\"container\" data-settings=\"{&quot;background_background&quot;:&quot;classic&quot;}\">\n\t\t\t\t<\/div>\n\t\t<div class=\"elementor-element elementor-element-05ab53e e-con-full e-flex e-con e-parent\" data-id=\"05ab53e\" data-element_type=\"container\" data-e-type=\"container\" data-settings=\"{&quot;background_background&quot;:&quot;classic&quot;}\">\n\t\t<div class=\"elementor-element elementor-element-dc4d45a e-con-full e-flex e-con e-parent\" data-id=\"dc4d45a\" data-element_type=\"container\" data-e-type=\"container\">\n\t\t\t\t<div class=\"elementor-element elementor-element-b164210 elementor-widget elementor-widget-heading\" data-id=\"b164210\" data-element_type=\"widget\" data-e-type=\"widget\" data-widget_type=\"heading.default\">\n\t\t\t\t<div class=\"elementor-widget-container\">\n\t\t\t\t\t<h3 class=\"elementor-heading-title elementor-size-default\">Kant- und Formteile<\/h3>\t\t\t\t<\/div>\n\t\t\t\t<\/div>\n\t\t\t\t<div class=\"elementor-element elementor-element-dc3cd9e elementor-widget elementor-widget-text-editor\" data-id=\"dc3cd9e\" data-element_type=\"widget\" data-e-type=\"widget\" data-widget_type=\"text-editor.default\">\n\t\t\t\t<div class=\"elementor-widget-container\">\n\t\t\t\t\t\t\t\t\t<p>S\u00e4mtliche Kant- und Formteile werden indivduell gefertigt und durch unsere eigenen Monteure vor Ort montiert.<\/p>\t\t\t\t\t\t\t\t<\/div>\n\t\t\t\t<\/div>\n\t\t\t\t<\/div>\n\t\t\t\t<\/div>\n\t\t\t\t<\/div>\n\t\t\t\t<\/div>\n\t\t","protected":false},"excerpt":{"rendered":"<p>SCHL\u00dcSSELFERTIG Zeit ist ein kostbares Gut und diese m\u00f6chten wir Ihnen verschaffen. Vom Entwurf \u00fcber die Bauantragsphase bis hin zur Schl\u00fcssel\u00fcbergabe sind wir f\u00fcr Sie da. In Zusammenarbeit mit langj\u00e4hrigen Partnern realisieren wir Ihr Neubauprojekt um f\u00fcr anstehende Aufgaben und Visionen gut aufgestellt zu sein.Durch den Einsatz hoch effektiver D\u00e4mmtechniken l\u00e4sst sich auch im Stahlhallenbau [&hellip;]<\/p>\n","protected":false},"author":1,"featured_media":0,"parent":0,"menu_order":3,"comment_status":"closed","ping_status":"closed","template":"","meta":{"footnotes":""},"class_list":["post-34","page","type-page","status-publish","hentry"],"_links":{"self":[{"href":"https:\/\/stahlkonzept.com\/index.php?rest_route=\/wp\/v2\/pages\/34","targetHints":{"allow":["GET"]}}],"collection":[{"href":"https:\/\/stahlkonzept.com\/index.php?rest_route=\/wp\/v2\/pages"}],"about":[{"href":"https:\/\/stahlkonzept.com\/index.php?rest_route=\/wp\/v2\/types\/page"}],"author":[{"embeddable":true,"href":"https:\/\/stahlkonzept.com\/index.php?rest_route=\/wp\/v2\/users\/1"}],"replies":[{"embeddable":true,"href":"https:\/\/stahlkonzept.com\/index.php?rest_route=%2Fwp%2Fv2%2Fcomments&post=34"}],"version-history":[{"count":76,"href":"https:\/\/stahlkonzept.com\/index.php?rest_route=\/wp\/v2\/pages\/34\/revisions"}],"predecessor-version":[{"id":396,"href":"https:\/\/stahlkonzept.com\/index.php?rest_route=\/wp\/v2\/pages\/34\/revisions\/396"}],"wp:attachment":[{"href":"https:\/\/stahlkonzept.com\/index.php?rest_route=%2Fwp%2Fv2%2Fmedia&parent=34"}],"curies":[{"name":"wp","href":"https:\/\/api.w.org\/{rel}","templated":true}]}}